{"id":59,"date":"2012-12-24T12:00:21","date_gmt":"2012-12-24T11:00:21","guid":{"rendered":"http:\/\/www.alpbach.bz.it\/?page_id=59"},"modified":"2016-04-07T18:36:45","modified_gmt":"2016-04-07T16:36:45","slug":"sudtiroler-wirtschaftsforum","status":"publish","type":"page","link":"https:\/\/www.alpbach.bz.it\/it\/sudtiroler-wirtschaftsforum\/","title":{"rendered":"Forum Altoatesino dell&#8217;Economia"},"content":{"rendered":"<p><\/p>\n<p style=\"text-align: justify;\"><strong><img loading=\"lazy\" class=\"alignleft wp-image-60 size-full\" src=\"http:\/\/www.alpbach.bz.it\/wp-content\/uploads\/2012\/12\/428193_203443909761323_280704335_n.jpg\" alt=\"SWF\" width=\"960\" height=\"720\" srcset=\"https:\/\/www.alpbach.bz.it\/wp-content\/uploads\/2012\/12\/428193_203443909761323_280704335_n.jpg 960w, https:\/\/www.alpbach.bz.it\/wp-content\/uploads\/2012\/12\/428193_203443909761323_280704335_n-300x225.jpg 300w, https:\/\/www.alpbach.bz.it\/wp-content\/uploads\/2012\/12\/428193_203443909761323_280704335_n-624x468.jpg 624w\" sizes=\"(max-width: 960px) 100vw, 960px\" \/><\/strong>Das <a href=\"http:\/\/www.wirtschaftsforum.it\/\" target=\"_blank\">S\u00fcdtiroler Wirtschaftsforum<\/a>\u00a0ist eine Tagung, welche vom MCI &#8211; Management Center Innsbruck in Partnerschaft mit der S\u00fcdtiroler Sparkasse veranstaltet wird. Die Teilnehmer erhalten dabei die M\u00f6glichkeit hochkar\u00e4tige Referenten aus verschiedensten Fachgebieten hautnah zu erleben.<\/p>\n<p style=\"text-align: justify;\">Seit mehreren Jahren nimmt der Club Alpbach S\u00fcdtirol Alto Adige bereits daran teil. Interessierte, die sich mittels Lebenslauf und Motivationsschreiben bewerben k\u00f6nnen, werden Karten f\u00fcr diese Veranstaltung bereitgestellt. Die von den Referenten vermittelte Motivation und Lebenserfahrung soll f\u00fcr die Stipendiaten Ansporn und Bereicherung f\u00fcr die Zukunft sein.<\/p>\n<p style=\"text-align: justify;\">Reaktionen unserer Teilnehmer:<\/p>\n<p style=\"text-align: justify;\"><em>&#8220;Se mi venisse chiesto cosa mi \u00e8 piaciuto di pi\u00f9 del S\u00fcdtiroler Wirtschaftsforum, risponderei &#8220;l&#8217;eterogeneit\u00e0 degli interventi&#8221;. Ascoltare le parole di un esperto di comunicazioni <\/em><em>come Hans Demmel appena dopo aver seguito i video di uno scalatore freeclimber, Heinz Zak, infatti, pu\u00f2 suonare strano, eppure ciascuno di essi, a modo suo, mi ha mostrato lo stesso tema da un altro punto di vista. Spannend!&#8221; (<\/em>Anna Lora)<\/p>\n<p style=\"text-align: justify;\"><em>\u201eInteressant, spannend, ermutigend &#8211; so w\u00fcrde ich das Sdt. Wirtschaftsforum in drei Worten beschreiben. Vor allem die weise und ruhige Ausstrahlung eines Dr. Dr. Peter Bettermann, Sprecher der Unternehmensleitung des Freudenberg-Konzerns, vermitteln dem Zuh\u00f6rer eine starke Motivation f\u00fcr die Zukunft. Die Teilnahme am Forum hat sich wirklich ausgezahlt!&#8221;<\/em> (Peter)<\/p>\n<p style=\"text-align: justify;\">Die Teilnahme am S\u00fcdtiroler Wirtschaftsforum wird uns von der Stiftung S\u00fcdtiroler Sparkasse erm\u00f6glicht. Herzlichen Dank!<\/p>\n<p><\/p>","protected":false},"excerpt":{"rendered":"<p>Das S\u00fcdtiroler Wirtschaftsforum\u00a0ist eine Tagung, welche vom MCI &#8211; Management Center Innsbruck in Partnerschaft mit der S\u00fcdtiroler Sparkasse veranstaltet wird. Die Teilnehmer erhalten dabei die M\u00f6glichkeit hochkar\u00e4tige Referenten aus verschiedensten Fachgebieten hautnah zu erleben. Seit mehreren Jahren nimmt der Club Alpbach S\u00fcdtirol Alto Adige bereits daran teil. Interessierte, die sich mittels Lebenslauf und Motivationsschreiben bewerben [&hellip;]<\/p>\n","protected":false},"author":19,"featured_media":0,"parent":0,"menu_order":0,"comment_status":"closed","ping_status":"closed","template":"","meta":{"spay_email":""},"_links":{"self":[{"href":"https:\/\/www.alpbach.bz.it\/it\/wp-json\/wp\/v2\/pages\/59"}],"collection":[{"href":"https:\/\/www.alpbach.bz.it\/it\/wp-json\/wp\/v2\/pages"}],"about":[{"href":"https:\/\/www.alpbach.bz.it\/it\/wp-json\/wp\/v2\/types\/page"}],"author":[{"embeddable":true,"href":"https:\/\/www.alpbach.bz.it\/it\/wp-json\/wp\/v2\/users\/19"}],"replies":[{"embeddable":true,"href":"https:\/\/www.alpbach.bz.it\/it\/wp-json\/wp\/v2\/comments?post=59"}],"version-history":[{"count":22,"href":"https:\/\/www.alpbach.bz.it\/it\/wp-json\/wp\/v2\/pages\/59\/revisions"}],"predecessor-version":[{"id":2469,"href":"https:\/\/www.alpbach.bz.it\/it\/wp-json\/wp\/v2\/pages\/59\/revisions\/2469"}],"wp:attachment":[{"href":"https:\/\/www.alpbach.bz.it\/it\/wp-json\/wp\/v2\/media?parent=59"}],"curies":[{"name":"wp","href":"https:\/\/api.w.org\/{rel}","templated":true}]}}

<p></p>
<p style="text-align: justify;"><strong><img loading="lazy" class="alignleft wp-image-60 size-full" src="http://www.alpbach.bz.it/wp-content/uploads/2012/12/428193_203443909761323_280704335_n.jpg" alt="SWF" width="960" height="720" srcset="https://www.alpbach.bz.it/wp-content/uploads/2012/12/428193_203443909761323_280704335_n.jpg 960w, https://www.alpbach.bz.it/wp-content/uploads/2012/12/428193_203443909761323_280704335_n-300x225.jpg 300w, https://www.alpbach.bz.it/wp-content/uploads/2012/12/428193_203443909761323_280704335_n-624x468.jpg 624w" sizes="(max-width: 960px) 100vw, 960px" /></strong>Das <a href="http://www.wirtschaftsforum.it/" target="_blank">Südtiroler Wirtschaftsforum</a> ist eine Tagung, welche vom MCI &#8211; Management Center Innsbruck in Partnerschaft mit der Südtiroler Sparkasse veranstaltet wird. Die Teilnehmer erhalten dabei die Möglichkeit hochkarätige Referenten aus verschiedensten Fachgebieten hautnah zu erleben.</p>
<p style="text-align: justify;">Seit mehreren Jahren nimmt der Club Alpbach Südtirol Alto Adige bereits daran teil. Interessierte, die sich mittels Lebenslauf und Motivationsschreiben bewerben können, werden Karten für diese Veranstaltung bereitgestellt. Die von den Referenten vermittelte Motivation und Lebenserfahrung soll für die Stipendiaten Ansporn und Bereicherung für die Zukunft sein.</p>
<p style="text-align: justify;">Reaktionen unserer Teilnehmer:</p>
<p style="text-align: justify;"><em>&#8220;Se mi venisse chiesto cosa mi è piaciuto di più del Südtiroler Wirtschaftsforum, risponderei &#8220;l&#8217;eterogeneità degli interventi&#8221;. Ascoltare le parole di un esperto di comunicazioni </em><em>come Hans Demmel appena dopo aver seguito i video di uno scalatore freeclimber, Heinz Zak, infatti, può suonare strano, eppure ciascuno di essi, a modo suo, mi ha mostrato lo stesso tema da un altro punto di vista. Spannend!&#8221; (</em>Anna Lora)</p>
<p style="text-align: justify;"><em>„Interessant, spannend, ermutigend &#8211; so würde ich das Sdt. Wirtschaftsforum in drei Worten beschreiben. Vor allem die weise und ruhige Ausstrahlung eines Dr. Dr. Peter Bettermann, Sprecher der Unternehmensleitung des Freudenberg-Konzerns, vermitteln dem Zuhörer eine starke Motivation für die Zukunft. Die Teilnahme am Forum hat sich wirklich ausgezahlt!&#8221;</em> (Peter)</p>
<p style="text-align: justify;">Die Teilnahme am Südtiroler Wirtschaftsforum wird uns von der Stiftung Südtiroler Sparkasse ermöglicht. Herzlichen Dank!</p>
<p></p>

<p>Das Südtiroler Wirtschaftsforum ist eine Tagung, welche vom MCI &#8211; Management Center Innsbruck in Partnerschaft mit der Südtiroler Sparkasse veranstaltet wird. Die Teilnehmer erhalten dabei die Möglichkeit hochkarätige Referenten aus verschiedensten Fachgebieten hautnah zu erleben. Seit mehreren Jahren nimmt der Club Alpbach Südtirol Alto Adige bereits daran teil. Interessierte, die sich mittels Lebenslauf und Motivationsschreiben bewerben [&hellip;]</p>
