{"id":315,"date":"2013-01-06T15:53:40","date_gmt":"2013-01-06T14:53:40","guid":{"rendered":"http:\/\/www.alpbach.bz.it\/?page_id=315"},"modified":"2015-07-08T12:07:03","modified_gmt":"2015-07-08T10:07:03","slug":"ims-international-mountain-summit","status":"publish","type":"page","link":"https:\/\/www.alpbach.bz.it\/it\/ims-international-mountain-summit\/","title":{"rendered":"IMS &#8211; International Mountain Summit"},"content":{"rendered":"<p style=\"text-align: justify;\"><img loading=\"lazy\" class=\"aligncenter wp-image-316 size-full\" title=\"IMS\" src=\"http:\/\/www.alpbach.bz.it\/wp-content\/uploads\/2013\/01\/550870_300550863383960_115007738_n.jpg\" alt=\"\" width=\"960\" height=\"720\" srcset=\"https:\/\/www.alpbach.bz.it\/wp-content\/uploads\/2013\/01\/550870_300550863383960_115007738_n.jpg 960w, https:\/\/www.alpbach.bz.it\/wp-content\/uploads\/2013\/01\/550870_300550863383960_115007738_n-300x225.jpg 300w, https:\/\/www.alpbach.bz.it\/wp-content\/uploads\/2013\/01\/550870_300550863383960_115007738_n-624x468.jpg 624w\" sizes=\"(max-width: 960px) 100vw, 960px\" \/>Der Club Alpach S\u00fcdtirol war 2012 erstmals beim International Mountain Summit vertreten.<\/p>\n<p style=\"text-align: justify;\">Unser CASA-Mitglied Sebastian Mayrg\u00fcndter organisierte die Veranstaltung &#8220;Spa\u00df am Berg. Wir pfeifen auf&#8217;s Risiko&#8221;, bei der u.a. Karen Putzer, auch CASA-Mitglied, bei der Schlussdiskussion mitgewirkt hat.<\/p>\n<p style=\"text-align: justify;\">Zudem hat der CASA ein Kamingespr\u00e4ch mit den &#8220;Riegler-Brothers&#8221; organisiert. In gem\u00fctlicher Runde wurden von den sympathischen Kletterern jede Frage beantwortet. Zudem wurden uns Fotos von ihren letzten Besteigungen vorgef\u00fchrt.<br \/>\nZum Ausklang des interessanten Tages besuchten wir gemeinsam den Vortrag von Reinhold Messner im Forum Brixen.<\/p>\n","protected":false},"excerpt":{"rendered":"<p>Der Club Alpach S\u00fcdtirol war 2012 erstmals beim International Mountain Summit vertreten. Unser CASA-Mitglied Sebastian Mayrg\u00fcndter organisierte die Veranstaltung &#8220;Spa\u00df am Berg. Wir pfeifen auf&#8217;s Risiko&#8221;, bei der u.a. Karen Putzer, auch CASA-Mitglied, bei der Schlussdiskussion mitgewirkt hat. Zudem hat der CASA ein Kamingespr\u00e4ch mit den &#8220;Riegler-Brothers&#8221; organisiert. In gem\u00fctlicher Runde wurden von den sympathischen [&hellip;]<\/p>\n","protected":false},"author":19,"featured_media":0,"parent":0,"menu_order":0,"comment_status":"closed","ping_status":"closed","template":"","meta":{"spay_email":""},"_links":{"self":[{"href":"https:\/\/www.alpbach.bz.it\/it\/wp-json\/wp\/v2\/pages\/315"}],"collection":[{"href":"https:\/\/www.alpbach.bz.it\/it\/wp-json\/wp\/v2\/pages"}],"about":[{"href":"https:\/\/www.alpbach.bz.it\/it\/wp-json\/wp\/v2\/types\/page"}],"author":[{"embeddable":true,"href":"https:\/\/www.alpbach.bz.it\/it\/wp-json\/wp\/v2\/users\/19"}],"replies":[{"embeddable":true,"href":"https:\/\/www.alpbach.bz.it\/it\/wp-json\/wp\/v2\/comments?post=315"}],"version-history":[{"count":8,"href":"https:\/\/www.alpbach.bz.it\/it\/wp-json\/wp\/v2\/pages\/315\/revisions"}],"predecessor-version":[{"id":1959,"href":"https:\/\/www.alpbach.bz.it\/it\/wp-json\/wp\/v2\/pages\/315\/revisions\/1959"}],"wp:attachment":[{"href":"https:\/\/www.alpbach.bz.it\/it\/wp-json\/wp\/v2\/media?parent=315"}],"curies":[{"name":"wp","href":"https:\/\/api.w.org\/{rel}","templated":true}]}}

<p style="text-align: justify;"><img loading="lazy" class="aligncenter wp-image-316 size-full" title="IMS" src="http://www.alpbach.bz.it/wp-content/uploads/2013/01/550870_300550863383960_115007738_n.jpg" alt="" width="960" height="720" srcset="https://www.alpbach.bz.it/wp-content/uploads/2013/01/550870_300550863383960_115007738_n.jpg 960w, https://www.alpbach.bz.it/wp-content/uploads/2013/01/550870_300550863383960_115007738_n-300x225.jpg 300w, https://www.alpbach.bz.it/wp-content/uploads/2013/01/550870_300550863383960_115007738_n-624x468.jpg 624w" sizes="(max-width: 960px) 100vw, 960px" />Der Club Alpach Südtirol war 2012 erstmals beim International Mountain Summit vertreten.</p>
<p style="text-align: justify;">Unser CASA-Mitglied Sebastian Mayrgündter organisierte die Veranstaltung &#8220;Spaß am Berg. Wir pfeifen auf&#8217;s Risiko&#8221;, bei der u.a. Karen Putzer, auch CASA-Mitglied, bei der Schlussdiskussion mitgewirkt hat.</p>
<p style="text-align: justify;">Zudem hat der CASA ein Kamingespräch mit den &#8220;Riegler-Brothers&#8221; organisiert. In gemütlicher Runde wurden von den sympathischen Kletterern jede Frage beantwortet. Zudem wurden uns Fotos von ihren letzten Besteigungen vorgeführt.<br />
Zum Ausklang des interessanten Tages besuchten wir gemeinsam den Vortrag von Reinhold Messner im Forum Brixen.</p>

<p>Der Club Alpach Südtirol war 2012 erstmals beim International Mountain Summit vertreten. Unser CASA-Mitglied Sebastian Mayrgündter organisierte die Veranstaltung &#8220;Spaß am Berg. Wir pfeifen auf&#8217;s Risiko&#8221;, bei der u.a. Karen Putzer, auch CASA-Mitglied, bei der Schlussdiskussion mitgewirkt hat. Zudem hat der CASA ein Kamingespräch mit den &#8220;Riegler-Brothers&#8221; organisiert. In gemütlicher Runde wurden von den sympathischen [&hellip;]</p>
