{"id":310,"date":"2013-01-06T15:54:01","date_gmt":"2013-01-06T14:54:01","guid":{"rendered":"http:\/\/www.alpbach.bz.it\/?page_id=310"},"modified":"2015-06-17T16:01:04","modified_gmt":"2015-06-17T14:01:04","slug":"thinkmoreabout-tage-der-nachhaltigkeit","status":"publish","type":"page","link":"https:\/\/www.alpbach.bz.it\/it\/thinkmoreabout-tage-der-nachhaltigkeit\/","title":{"rendered":"Think more about &#8211; Giornate della Sostenibilit\u00e0"},"content":{"rendered":"<p style=\"text-align: justify;\"><img loading=\"lazy\" class=\"alignleft wp-image-311 size-full\" src=\"http:\/\/www.alpbach.bz.it\/wp-content\/uploads\/2013\/01\/535710_236810866424627_1973798217_n.jpg\" alt=\"535710_236810866424627_1973798217_n\" width=\"960\" height=\"720\" srcset=\"https:\/\/www.alpbach.bz.it\/wp-content\/uploads\/2013\/01\/535710_236810866424627_1973798217_n.jpg 960w, https:\/\/www.alpbach.bz.it\/wp-content\/uploads\/2013\/01\/535710_236810866424627_1973798217_n-300x225.jpg 300w, https:\/\/www.alpbach.bz.it\/wp-content\/uploads\/2013\/01\/535710_236810866424627_1973798217_n-624x468.jpg 624w\" sizes=\"(max-width: 960px) 100vw, 960px\" \/><br \/>\nDer CASA durfte dank der gro\u00dfartigen Unterst\u00fctzung der Stiftung S\u00fcdtiroler Sparkasse und dem Bildungshaus Kloster Neustift bei den Tagen der Nachhaltigkeit 2012 anwesend sein.<\/p>\n<p style=\"text-align: justify;\">10 Stipendiaten durften den interessanten Impulsvortr\u00e4gen von Christian Felber &amp; Co. lauschen und an den aufschlussreichen und interaktiven Seminaren teilnehmen. Die Tage der Nachhaltigkeit haben unseren Stipendiaten die M\u00f6glichkeit geboten, alternative Wirtschaftsmethoden und Ideen kennenzulernen und aufzuarbeiten.<\/p>\n","protected":false},"excerpt":{"rendered":"<p>Der CASA durfte dank der gro\u00dfartigen Unterst\u00fctzung der Stiftung S\u00fcdtiroler Sparkasse und dem Bildungshaus Kloster Neustift bei den Tagen der Nachhaltigkeit 2012 anwesend sein. 10 Stipendiaten durften den interessanten Impulsvortr\u00e4gen von Christian Felber &amp; Co. lauschen und an den aufschlussreichen und interaktiven Seminaren teilnehmen. Die Tage der Nachhaltigkeit haben unseren Stipendiaten die M\u00f6glichkeit geboten, alternative [&hellip;]<\/p>\n","protected":false},"author":19,"featured_media":0,"parent":0,"menu_order":0,"comment_status":"closed","ping_status":"closed","template":"","meta":{"spay_email":""},"_links":{"self":[{"href":"https:\/\/www.alpbach.bz.it\/it\/wp-json\/wp\/v2\/pages\/310"}],"collection":[{"href":"https:\/\/www.alpbach.bz.it\/it\/wp-json\/wp\/v2\/pages"}],"about":[{"href":"https:\/\/www.alpbach.bz.it\/it\/wp-json\/wp\/v2\/types\/page"}],"author":[{"embeddable":true,"href":"https:\/\/www.alpbach.bz.it\/it\/wp-json\/wp\/v2\/users\/19"}],"replies":[{"embeddable":true,"href":"https:\/\/www.alpbach.bz.it\/it\/wp-json\/wp\/v2\/comments?post=310"}],"version-history":[{"count":17,"href":"https:\/\/www.alpbach.bz.it\/it\/wp-json\/wp\/v2\/pages\/310\/revisions"}],"predecessor-version":[{"id":1957,"href":"https:\/\/www.alpbach.bz.it\/it\/wp-json\/wp\/v2\/pages\/310\/revisions\/1957"}],"wp:attachment":[{"href":"https:\/\/www.alpbach.bz.it\/it\/wp-json\/wp\/v2\/media?parent=310"}],"curies":[{"name":"wp","href":"https:\/\/api.w.org\/{rel}","templated":true}]}}

Think more about &#8211; Giornate della Sostenibilità

<p style="text-align: justify;"><img loading="lazy" class="alignleft wp-image-311 size-full" src="http://www.alpbach.bz.it/wp-content/uploads/2013/01/535710_236810866424627_1973798217_n.jpg" alt="535710_236810866424627_1973798217_n" width="960" height="720" srcset="https://www.alpbach.bz.it/wp-content/uploads/2013/01/535710_236810866424627_1973798217_n.jpg 960w, https://www.alpbach.bz.it/wp-content/uploads/2013/01/535710_236810866424627_1973798217_n-300x225.jpg 300w, https://www.alpbach.bz.it/wp-content/uploads/2013/01/535710_236810866424627_1973798217_n-624x468.jpg 624w" sizes="(max-width: 960px) 100vw, 960px" /><br />
Der CASA durfte dank der großartigen Unterstützung der Stiftung Südtiroler Sparkasse und dem Bildungshaus Kloster Neustift bei den Tagen der Nachhaltigkeit 2012 anwesend sein.</p>
<p style="text-align: justify;">10 Stipendiaten durften den interessanten Impulsvorträgen von Christian Felber &amp; Co. lauschen und an den aufschlussreichen und interaktiven Seminaren teilnehmen. Die Tage der Nachhaltigkeit haben unseren Stipendiaten die Möglichkeit geboten, alternative Wirtschaftsmethoden und Ideen kennenzulernen und aufzuarbeiten.</p>

<p>Der CASA durfte dank der großartigen Unterstützung der Stiftung Südtiroler Sparkasse und dem Bildungshaus Kloster Neustift bei den Tagen der Nachhaltigkeit 2012 anwesend sein. 10 Stipendiaten durften den interessanten Impulsvorträgen von Christian Felber &amp; Co. lauschen und an den aufschlussreichen und interaktiven Seminaren teilnehmen. Die Tage der Nachhaltigkeit haben unseren Stipendiaten die Möglichkeit geboten, alternative [&hellip;]</p>
